hat is the remainder when 3049 is divided by 180?
169
Calculate the remainder when 169288 is divided by 38.
36
Calculate the remainder when 404506 is divided by 12.
10
What is the remainder when 18808 is divided by 4610?
368
Calculate the remainder when 3371 is divided by 487.
449
Calculate the remainder when 8189 is divided by 247.
38
What is the remainder when 278395 is divided by 62?
15
What is the remainder when 3361 is divided by 346?
247
Calculate the remainder when 123840 is divided by 19.
17
What is the remainder when 359179 is divided by 39?
28
What is the remainder when 2315 is divided by 1595?
720
What is the remainder when 1465198 is divided by 75?
73
Calculate the remainder when 15745 is divided by 68.
37
What is the remainder when 23089 is divided by 724?
645
What is the remainder when 26279 is divided by 254?
117
What is the remainder when 2380 is divided by 515?
320
What is the remainder when 22310 is divided by 67?
66
Calculate the remainder when 2314301 is divided by 1395.
1391
Calculate the remainder when 91349 is divided by 19.
16
What is the remainder when 8757 is divided by 1894?
1181
Calculate the remainder when 655932 is divided by 105.
102
What is the remainder when 827 is divided by 11?
2
What is the remainder when 10645 is divided by 1330?
5
What is the remainder when 33785 is divided by 2812?
41
What is the remainder when 218990 is divided by 53?
47
Calculate the remainder when 25054 is divided by 1972.
1390
Calculate the remainder when 2995 is divided by 92.
51
Calculate the remainder when 8916575 is divided by 16.
15
Calculate the remainder when 57677 is divided by 3199.
95
What is the remainder when 15850 is divided by 1570?
150
Calculate the remainder when 120342 is divided by 614.
612
Calculate the remainder when 20104 is divided by 226.
216
What is the remainder when 3955 is divided by 237?
163
What is the remainder when 15978 is divided by 340?
338
What is the remainder when 188501 is divided by 49?
47
Calculate the remainder when 21302 is divided by 61.
13
Calculate the remainder when 10135 is divided by 69.
61
Calculate the remainder when 486810 is divided by 224.
58
What is the remainder when 93455 is divided by 23346?
71
What is the remainder when 981366 is divided by 14647?
17
Calculate the remainder when 914144 is divided by 134.
130
What is the remainder when 130 is divided by 54?
22
What is the remainder when 1205124 is divided by 25?
24
What is the remainder when 97249 is divided by 1945?
1944
Calculate the remainder when 195220 is divided by 13.
12
Calculate the remainder when 33410 is divided by 3711.
11
Calculate the remainder when 3468 is divided by 292.
256
What is the remainder when 362822 is divided by 362795?
27
Calculate the remainder when 785372 is divided by 48.
44
What is the remainder when 9948 is divided by 620?
28
Calculate the remainder when 414323 is divided by 865.
853
What is the remainder when 658221 is divided by 131642?
11
What is the remainder when 357759 is divided by 430?
429
What is the remainder when 5191 is divided by 173?
1
Calculate the remainder when 808 is divided by 765.
43
Calculate the remainder when 15501 is divided by 29.
15
Calculate the remainder when 15610 is divided by 51.
4
Calculate the remainder when 38379 is divided by 101.
100
Calculate the remainder when 185824 is divided by 837.
10
What is the remainder when 120607 is divided by 30150?
7
What is the remainder when 6140 is divided by 48?
44
What is the remainder when 22382 is divided by 399?
38
Calculate the remainder when 35270 is divided by 177.
47
Calculate the remainder when 340866 is divided by 244.
242
What is the remainder when 23227 is divided by 80?
27
Calculate the remainder when 2280 is divided by 15.
0
What is the remainder when 264732 is divided by 477?
474
What is the remainder when 527 is divided by 41?
35
What is the remainder when 1891 is divided by 266?
29
What is the remainder when 56673 is divided by 755?
48
What is the remainder when 131509 is divided by 901?
864
Calculate the remainder when 226783 is divided by 756.
739
Calculate the remainder when 426353 is divided by 1345.
1333
Calculate the remainder when 624804 is divided by 202.
18
What is the remainder when 759 is divided by 536?
223
What is the remainder when 4991 is divided by 16?
15
Calculate the remainder when 90766 is divided by 93.
91
What is the remainder when 20811 is divided by 1387?
6
Calculate the remainder when 227133 is divided by 273.
270
What is the remainder when 61624 is divided by 9?
1
Calculate the remainder when 6809 is divided by 166.
3
Calculate the remainder when 23014 is divided by 522.
46
What is the remainder when 3307 is divided by 76?
39
Calculate the remainder when 5629 is divided by 36.
13
Calculate the remainder when 6111 is divided by 1889.
444
What is the remainder when 69723 is divided by 15?
3
Calculate the remainder when 556523 is divided by 69563.
19
Calculate the remainder when 35277 is divided by 336.
333
What is the remainder when 29862 is divided by 23?
8
What is the remainder when 6904295 is divided by 824?
823
What is the remainder when 2949 is divided by 1470?
9
Calculate the remainder when 4272 is divided by 76.
16
What is the remainder when 5170 is divided by 272?
2
What is the remainder when 113733 is divided by 6?
3
Calculate the remainder when 12597 is divided by 4041.
474
Calculate the remainder when 493 is divided by 9.
7
Calculate the remainder when 8756 is divided by 678.
620
What is the remainder when 2294 is divided by 1777?
517
What is the remainder when 2325 is divided by 1095?
135
Calculate the remainder when 3592113 is divided by 564.
561
Calculate the remainder when 1419 is divided by 456.
51
What is the remainder when 185831 is divided by 65?
61
What is the remainder when 5753 is divided by 5740?
13
What is the remainder when 28434 is divided by 245?
14
What is the remainder when 471746 is divided by 168?
2
What is the remainder when 40274 is divided by 29?
22
What is the remainder when 10141359 is divided by 1626?
1623
What is the remainder when 56231 is divided by 54?
17
Calculate the remainder when 55 is divided by 5.
0
What is the remainder when 1511448 is divided by 503812?
12
Calculate the remainder when 20194 is divided by 6714.
52
Calculate the remainder when 5319 is divided by 1056.
39
What is the remainder when 2531 is divided by 279?
20
What is the remainder when 3506 is divided by 98?
76
What is the remainder when 10530 is divided by 33?
3
What is the remainder when 13762 is divided by 939?
616
What is the remainder when 23244 is divided by 3861?
78
What is the remainder when 1105103 is divided by 1232?
1231
Calculate the remainder when 32674 is divided by 28.
26
What is the remainder when 9038 is divided by 1002?
20
Calculate the remainder when 3701012 is divided by 20.
12
Calculate the remainder when 2781 is divided by 920.
21
Calculate the remainder when 17361 is divided by 119.
106
Calculate the remainder when 9868 is divided by 7.
5
Calculate the remainder when 345864 is divided by 49406.
22
Calculate the remainder when 3169767 is divided by 30.
27
What is the remainder when 11147 is divided by 8?
3
What is the remainder when 728 is divided by 632?
96
What is the remainder when 3343 is divided by 60?
43
What is the remainder when 5302 is divided by 1761?
19
What is the remainder when 11087 is divided by 269?
58
What is the remainder when 88927 is divided by 5231?
0
What is the remainder when 223649 is divided by 55876?
145
What is the remainder when 343978 is divided by 114649?
31
What is the remainder when 41607 is divided by 57?
54
What is the remainder when 97640 is divided by 1775?
15
Calculate the remainder when 35259 is divided by 3205.
4
Calculate the remainder when 11701 is divided by 13.
1
Calculate the remainder when 385409 is divided by 1640.
9
What is the remainder when 45513 is divided by 12?
9
What is the remainder when 51969 is divided by 304?
289
Calculate the remainder when 2917 is divided by 688.
165
Calculate the remainder when 59630 is divided by 29771.
88
What is the remainder when 25268 is divided by 631?
28
What is the remainder when 3969 is divided by 64?
1
Calculate the remainder when 312 is divided by 234.
78
What is th